{"id":22,"date":"2023-04-25T10:29:10","date_gmt":"2023-04-25T13:29:10","guid":{"rendered":"https:\/\/brasilia2060.com.br\/?page_id=22"},"modified":"2023-04-25T10:49:01","modified_gmt":"2023-04-25T13:49:01","slug":"sustentabilidade-e-comunidade","status":"publish","type":"page","link":"https:\/\/brasilia2060.com.br\/?page_id=22","title":{"rendered":"Sustentabilidade e comunidade"},"content":{"rendered":"\n<p>A realiza\u00e7\u00e3o dos Jogos Ol\u00edmpicos de 2060 em Bras\u00edlia deve ser acompanhada de um compromisso com a sustentabilidade do evento e com a participa\u00e7\u00e3o ativa da comunidade. Algumas iniciativas sustent\u00e1veis que podem ser planejadas para o evento incluem:<\/p>\n\n\n\n<p><strong>Uso de energias renov\u00e1veis<br><\/strong>A utiliza\u00e7\u00e3o de fontes de energia limpa, como a energia solar, pode reduzir significativamente a pegada de carbono do evento e contribuir para a sustentabilidade ambiental da cidade.<\/p>\n\n\n\n<p><strong>Gest\u00e3o de res\u00edduos<br><\/strong>A implementa\u00e7\u00e3o de um sistema eficiente de coleta e reciclagem de res\u00edduos pode diminuir o impacto do evento no meio ambiente e promover a cultura da sustentabilidade entre a popula\u00e7\u00e3o.<\/p>\n\n\n\n<p><strong>Transporte sustent\u00e1vel<br><\/strong>O incentivo ao uso de transporte p\u00fablico, bicicletas e outros meios de transporte sustent\u00e1veis pode reduzir o congestionamento nas vias da cidade e diminuir a emiss\u00e3o de gases poluentes.<\/p>\n\n\n\n<p>Al\u00e9m disso, \u00e9 importante que a comunidade esteja engajada na pr\u00e9-candidatura para as Olimp\u00edadas de 2060. A participa\u00e7\u00e3o da comunidade pode ser incentivada por meio de iniciativas como:<\/p>\n\n\n\n<p><strong>Conselhos comunit\u00e1rios<br><\/strong>A cria\u00e7\u00e3o de conselhos locais pode permitir que a popula\u00e7\u00e3o tenha voz ativa nas decis\u00f5es relacionadas aos Jogos Ol\u00edmpicos e possa contribuir para a constru\u00e7\u00e3o de um legado positivo para a cidade.<\/p>\n\n\n\n<p><strong>Voluntariado<\/strong><br>A participa\u00e7\u00e3o da popula\u00e7\u00e3o como volunt\u00e1rios pode ser uma forma de envolver a comunidade e promover a cultura de solidariedade e coopera\u00e7\u00e3o.<\/p>\n\n\n\n<p><strong>Projetos sociais e culturais<br><\/strong>A realiza\u00e7\u00e3o de projetos sociais e culturais relacionados ao evento pode promover a inclus\u00e3o social e a diversidade cultural na cidade.<\/p>\n\n\n\n<p>A realiza\u00e7\u00e3o dos Jogos Ol\u00edmpicos de 2060 em Bras\u00edlia deve ser acompanhada de um compromisso com a sustentabilidade e com a participa\u00e7\u00e3o ativa da comunidade.<\/p>\n\n\n\n<p>Quer participar? <strong><a href=\"https:\/\/brasilia2060.com.br\/?page_id=31\" title=\"Entre em contato\">Entre em contato<\/a><\/strong>!<\/p>\n","protected":false},"excerpt":{"rendered":"<p>A realiza\u00e7\u00e3o dos Jogos Ol\u00edmpicos de 2060 em Bras\u00edlia deve ser acompanhada de um compromisso com a sustentabilidade do evento e com a participa\u00e7\u00e3o ativa da comunidade. Algumas iniciativas sustent\u00e1veis que podem ser planejadas para o evento incluem: Uso de energias renov\u00e1veisA utiliza\u00e7\u00e3o de fontes de energia limpa, como a energia solar, pode reduzir significativamente [&hellip;]<\/p>\n","protected":false},"author":1,"featured_media":0,"parent":0,"menu_order":0,"comment_status":"closed","ping_status":"closed","template":"","meta":{"_mi_skip_tracking":false,"_themeisle_gutenberg_block_has_review":false},"aioseo_notices":[],"_links":{"self":[{"href":"https:\/\/brasilia2060.com.br\/index.php?rest_route=\/wp\/v2\/pages\/22"}],"collection":[{"href":"https:\/\/brasilia2060.com.br\/index.php?rest_route=\/wp\/v2\/pages"}],"about":[{"href":"https:\/\/brasilia2060.com.br\/index.php?rest_route=\/wp\/v2\/types\/page"}],"author":[{"embeddable":true,"href":"https:\/\/brasilia2060.com.br\/index.php?rest_route=\/wp\/v2\/users\/1"}],"replies":[{"embeddable":true,"href":"https:\/\/brasilia2060.com.br\/index.php?rest_route=%2Fwp%2Fv2%2Fcomments&post=22"}],"version-history":[{"count":2,"href":"https:\/\/brasilia2060.com.br\/index.php?rest_route=\/wp\/v2\/pages\/22\/revisions"}],"predecessor-version":[{"id":41,"href":"https:\/\/brasilia2060.com.br\/index.php?rest_route=\/wp\/v2\/pages\/22\/revisions\/41"}],"wp:attachment":[{"href":"https:\/\/brasilia2060.com.br\/index.php?rest_route=%2Fwp%2Fv2%2Fmedia&parent=22"}],"curies":[{"name":"wp","href":"https:\/\/api.w.org\/{rel}","templated":true}]}}